*a(w) - y(w). Is f(1) a prime number?
False
Let j(s) = 27277*s**3 + 37*s**2 - 99*s - 12. Is j(3) prime?
False
Is ((-39682)/4)/((-91)/(-182))*(3 - 4) a composite number?
False
Let u(j) = 4*j**3 - 11*j**2 - 7*j + 20. Suppose -33*k + 12 = -186. Is u(k) prime?
False
Let r = 71 - 66. Let a(p) = -p**3 - 4*p**2 - p - 2. Let n be a(-4). Suppose r*x + 6*v - 8215 = n*v, -2*v = -10. Is x prime?
False
Suppose -4*b + 3*w = 305, w = -3*b + 6*b + 225. Let q = 1719 - b. Is q composite?
True
Let f(y) = 2*y**3 - 17*y**2 + 10*y - 14. Let s be f(8). Is ((22155/14)/15)/(s/4) composite?
False
Suppose 0 = -21*w + 3 - 129. Is (-29004)/w - -4 - 1 a composite number?
True
Let l = 39 + -68. Let i(s) = s**2 + 67*s - 51. Let g be i(-69). Let y = g + l. Is y a composite number?
True
Is (-103893)/(-13 - (4 - 16)) composite?
True
Let a = -90264 - -586387. Is a prime?
True
Let v(o) = -62924*o + 69. Is v(-1) a composite number?
True
Suppose -252*m - 4362622 = -507*m + 233*m. Is m a prime number?
True
Let w be (-1 + -3 + 2)*(-22 - -21). Suppose 5*b - 8 = w*j - 0*j, -22 = 2*j + 2*b. Is j/(-12)*4 + 1820 - 0 prime?
True
Suppose -3*n - 201 = -n + 3*x, n + x + 101 = 0. Let d = 105 + n. Suppose -4*r + 60 = 3*q - 3503, -q + d*r = -1205. Is q composite?
False
Let t(q) = q**3 - 55*q**2 + 202*q + 96. Let g be t(51). Is (-4)/g + 355110/126 prime?
True
Let p be (-3 - (-44)/16) + (-54)/8. Let r(d) = -d**3 - 6*d**2 + 10*d + 17. Let x be r(p). Is 393 - 4/x*2 composite?
True
Suppose 3*l + 13495 = 4*d - 0*l, 2*d = -l + 6755. Let n = d - 1817. Is n a composite number?
False
Let o = -6295 + 4299. Let g(w) = w**2 - 4*w + 7. Let c be g(3). Is ((o/c)/(-1))/1 composite?
False
Let k(p) = p**2 + 15*p + 10. Let t be k(-14). Let j be (t - (-20)/6)/(2/(-60)). Is 8350/j*(2 + (-8)/10) prime?
False
Let l be (1 + 1)*(-32 - -42). Let x(m) = 5*m**2 - 69*m + 11. Is x(l) prime?
True
Let t = 265 - 265. Is (-24)/6*(1 - t) + 1461 a composite number?
True
Let a(n) = 1062*n**2 + 6*n - 8. Let l be a(-5). Let z = l - 18401. Is z a composite number?
False
Suppose 4*g + g - 7 = 4*r, 4*r - 5 = g. Suppose 3*w - r*y + 15497 = 6*w, w = -y + 5165. Suppose 0 = -6*z + 2495 + w. Is z a prime number?
True
Let a(u) = 324*u**2 + 96*u - 361. Is a(39) a composite number?
False
Suppose -3*o + 2874 = -0*o. Let t be 6 + (-9 + -561 - 5). Let r = o + t. Is r a prime number?
True
Let o(w) = -5*w - 3*w - 137 + 29*w + 43*w. Is o(31) composite?
False
Suppose 0 = -n + q + 267701, q = 53*n - 51*n - 535410. Is n a prime number?
False
Is 26/12*(521096 - (-7 + -3)) a prime number?
False
Let z be (-2)/(2 - 2 - (-1)/(-2)). Suppose -z*b - 4*b + 40 = 0. Suppose -5*o + b*v = -1035, o - 5*o + 824 = -5*v. Is o a prime number?
True
Let n be (63/42)/(1 + (-13)/12). Let x(c) be the third derivative of -c**4/3 + 11*c**3/2 - 7*c**2. Is x(n) prime?
False
Is (-453)/(-2 + 575/295) + -6 a prime number?
False
Suppose -7*k + 656 = -394. Suppose 3*u + 3*j + 152 = u, 4*j = -2*u - k. Is (1*14)/(-1*2/u) a prime number?
False
Let p = 223 - 107. Suppose -5*u + p = 3*s, -2*u + 14 + 24 = -3*s. Suppose -180 = -2*r - u. Is r a composite number?
False
Suppose -1055388 = -2*c + q, 124*c - 1583089 = 121*c + 5*q. Is c a prime number?
False
Let o(t) = 191*t**2 + 13*t + 43. Let y = -164 - -160. Is o(y) a prime number?
False
Suppose 252*p - 87484145 = 37*p. Is p composite?
True
Let s(a) = -a + 22. Let h be 10/25 - (-98)/5. Let v be s(h). Suppose 5*w - 915 = 2*r, -r = v*r. Is w prime?
False
Let a(h) = -2*h**3 - 4*h**2 - 3*h. Let l be a(-2). Suppose -l*j = -17541 + 3831. Is j prime?
False
Let k(x) = -x**3 - x**2 - x - 2. Let c(h) = 3*h**3 - 4*h**2 - 13*h - 14. Let s(z) = -c(z) + 4*k(z). Is s(-8) a composite number?
True
Let z be (5/(-3) + 1)/(2/(-15)). Suppose -3522 = -4*w + z*j, -w + 4*j + 4398 = 4*w. Is w a prime number?
False
Let k(q) = 8*q**2 + 14*q - 27. Let h = -412 - -382. Is k(h) prime?
False
Let a = 4480 + -2858. Suppose 5*y - a = 9663. Is y a composite number?
True
Let t be -1 + 1 - 245076/(-26). Suppose 3*b + t = 3*i + 6*b, 2*b + 6304 = 2*i. Suppose 31*m = 28*m + i. Is m a prime number?
True
Let t be (18214/(-21))/(2/(-24)). Let s = t - 4379. Is s a composite number?
False
Let j be 6 - ((-410230)/10 - -5). Suppose 0 = 4*k - 12, 5*y + 3*k = -0*k + j. Is y a composite number?
True
Let i = 716858 - 184575. Is i prime?
True
Suppose -2*y - j + 5 = -3, 0 = y - 2*j + 6. Suppose -x - 5*r - 1 = -3, -3*x + 6 = y*r. Suppose 4*w + 1254 = x*u, 0*w - 1903 = -3*u - 5*w. Is u composite?
False
Suppose -j + 5 = -5*x, -4*j + 0*x - x = 1. Suppose 3*i = 5*b + 22668, -b + 3 + 0 = j. Is i a composite number?
False
Let a(c) = -c**2 + 14*c + 17. Let z be a(15). Suppose 0*t = 4*t + 20, 2*n = z*t + 5292. Suppose 0 = -3*l + n - 46. Is l prime?
False
Let p(z) = -4*z + 8. Let w be p(-6). Let b = 10 - w. Is b/((-3)/(207/6)) composite?
True
Let h be -4 + 9 + 2/((-2)/(-13)). Suppose h*c - 18847 - 301715 = 0. Is c a prime number?
False
Suppose 91*t = 87*t + 294284. Is t a composite number?
False
Let k be ((-6)/9)/(-3*7/253323). Let x = k - 4743. Is x a composite number?
False
Let t(r) = 265*r**3. Let m(b) = -2*b - 7. Let o be m(12). Let c = 32 + o. Is t(c) prime?
False
Suppose -32*w = -3*m - 35*w + 7512, -10024 = -4*m - 2*w. Let k(l) = -824*l + 8. Let q be k(-12). Suppose -m + q = 4*n. Is n composite?
False
Suppose 3*h + 5*a - 700251 = 0, 147*a = -3*h + 149*a + 700251. Is h prime?
True
Let u = -349620 + 506087. Is u composite?
False
Let l(p) = -2939*p + 410. Is l(-9) a prime number?
True
Suppose 208*g - 204*g = 20. Suppose -2 = 4*f - 10, -g*p + 5772 = f. Is p prime?
False
Suppose -20*l + 1500594 + 2002745 = 1336479. Is l prime?
True
Suppose -4*j - 6 = -j. Is -2 + 4 - 2 - 158/j a composite number?
False
Let s(m) = 27*m + 102. Let i be s(-4). Let t(n) = -126*n - 127. Is t(i) composite?
True
Suppose 47931442 = 62*h - 69680659 - 14048433. Is h prime?
True
Let b(a) = -a**3 + 31*a**2 - 54*a + 18. Suppose 0 = 577*n - 568*n - 261. Is b(n) prime?
False
Suppose -4*h + 29834 = -21*x + 16*x, 2*x = -h + 7439. Is h a composite number?
False
Is 17062/((156/(-585))/(2/(-3))) - 6 composite?
False
Let c = 1306 - 917. Suppose -27*q + c = -26*q. Is q composite?
False
Suppose 0 = -1376*g + 1378*g - 204482. Is g prime?
True
Let i = -340 - -295. Is 2*(-17495)/4*54/i a prime number?
False
Let i = -60 - -60. Let s = i - 2. Is s/10 - (-855)/(-25)*-6 composite?
True
Is -1*((-1850643)/13 - (4/(-13))/2) a prime number?
True
Let x(w) = 74*w**2 + 2*w + 9. Suppose 6*z = -61 + 43. Is x(z) a prime number?
False
Let y = -27 + 37. Suppose 0 = -6*s + y*s - 5*j + 68295, -s - 17077 = 2*j. Is ((s/(-10))/5)/((-2)/(-20)) prime?
False
Suppose 0 = -221*k + 220*k + 25703. Is k prime?
True
Let c(s) = 2*s**2 - 6*s + 5. Let a be c(3). Let n be (-127 + -2)/(3/(-94)). Suppose -4*w + n = a*o - 1137, -3 = -o. Is w prime?
True
Suppose -2612 - 578 = -2*r. Suppose -872 = -v + s + r, 2*s = -5*v + 12307. Is v prime?
False
Suppose 103493 = 3163*d - 3150*d. Is d composite?
True
Let v(r) = -2643*r + 12. Let y(u) = 2643*u - 13. Let q(w) = -4*v(w) - 5*y(w). Is q(-4) a composite number?
False
Suppose 4*j - 6*u = -3*u - 12, 5*j - 16 = -4*u. Let l = -195 + 200. Suppose j*p - l*p = -1595. Is p prime?
False
Suppose -26067 = -74*o + 5*o + 337770. Is o prime?
True
Let s be (-24434)/10 - (6 + (-128)/20). Let z = 4686 + s. Is z a prime number?
True
Let a be 2841*((-15 - -14) + 17/3). Let h = a + -5405. Is h a prime number?
True
Let m be (-4)/1 - (-9)/(-45)*-10. Is m/(-6*(-2)/(-174198)) prime?
True
Let x(h) = 43*h + 17. Let y be x(7). Suppose -3*b - y + 924 = 0. Let k = b + -83. Is k a prime number?
False
Let u(x) = 60*x**3 + 6*x**2 + 57*x - 467. Is u(14) a composite number?
False
Let a = -1600 - -3257. Let m = a - 904. Is m a prime number?
False
Let k be 2 - (-2)/(6/249 + 0). Suppose -5*o - k = -90. Is 25/(-50) - o*2326/(-4) a prime number?
False
Let u(i) = 137*i - 17. Let r = 45 + -40. Let f be u(r). Suppose -4982 = -6*b - f. Is b a prime number?
True
Let u(q) = -q**2 - q + 6. Let m be u(0). Let h(o) = 7*o**2 - 16*o + 55. Is h(m) a prime number?
True
Let p(g) = -466*g - 5. Let v be ((-8)/(-10))/(2/(-5)). Let h be p(v). Let r = h - 656. Is r a composite number?
False
Let o = 144 + -142. Suppose -c - d + 4*d + 2161 = 0, 0 = -3*c - o*d + 6461. Is c a composite number?
True
